{"id":5899,"date":"2020-01-12T20:04:52","date_gmt":"2020-01-12T23:04:52","guid":{"rendered":"https:\/\/ifdc10-juj.infd.edu.ar\/sitio\/?page_id=5899"},"modified":"2023-03-20T23:40:00","modified_gmt":"2023-03-21T02:40:00","slug":"profesorado-de-educacion-primaria-con-orientacion-en-educacion-rural","status":"publish","type":"page","link":"https:\/\/ifdc10-juj.infd.edu.ar\/sitio\/profesorado-de-educacion-primaria-con-orientacion-en-educacion-rural\/","title":{"rendered":"Profesorado de Educaci\u00f3n Primaria con orientaci\u00f3n en educaci\u00f3n rural"},"content":{"rendered":"<p><a href=\"https:\/\/ifdc10-juj.infd.edu.ar\/sitio\/wp-content\/uploads\/2020\/01\/PEP-RURAL-2020.png\"><img decoding=\"async\" loading=\"lazy\" class=\"alignleft wp-image-5900\" src=\"https:\/\/ifdc10-juj.infd.edu.ar\/sitio\/wp-content\/uploads\/2020\/01\/PEP-RURAL-2020.png\" alt=\"\" width=\"350\" height=\"263\" \/><\/a><\/p>\n<h3 style=\"text-align: center;\">Profesorado de EDUCACI\u00d3N PRIMARIA con orientaci\u00f3n en EDUCACI\u00d3N RURAL<\/h3>\n<h5 style=\"text-align: center;\"><a href=\"https:\/\/ifdc10-juj.infd.edu.ar\/sitio\/wp-content\/uploads\/2019\/04\/Nueva-imagen-24.png\">SEDE: Escuela Normal. Lib. Gral. San Mart\u00edn. Turno tarde.<\/a><\/h5>\n<h6 style=\"text-align: center;\"><strong>Esta carrera se empieza a cursar para los nuevos ingresantes,\u00a0 en el a\u00f1o 2023 una vez finalizado el curso de ambientaci\u00f3n (<a href=\"https:\/\/drive.google.com\/file\/d\/1gOFUFeATgNa5CmlGc-e5cyu0DVpmm5lh\/view?usp=share_link\" target=\"_blank\" rel=\"noopener\">HORARIO 2023<\/a>) que ser\u00e1 eliminatorio si los aspirante superan el cupo.<\/strong><\/h6>\n<ul>\n<li><strong>FORMULARIO PARA LA MATRICULACI\u00d3N DEFINITIVA A LA CARRERA EN FORMATO DIGITAL. (ver pagina Link inscripciones: Solo para alumnos que acrediten ingreso y nivelaci\u00f3n)<\/strong><\/li>\n<li><strong><em><a href=\"https:\/\/drive.google.com\/file\/d\/1e-4cMQJ1qNoAE478Im8WvTBjOBq-5vW9\/view?usp=share_link\" target=\"_blank\" rel=\"noopener\">CARTILLAS DE INGRESO 2023<\/a>\u00a0<\/em><\/strong><\/li>\n<li><a href=\"https:\/\/ifdc10-juj.infd.edu.ar\/sitio\/wp-content\/uploads\/2021\/12\/Estructura-Curricular-del-PEP-Rural.pdf\" target=\"_blank\" rel=\"noopener\"><strong>ESTRUCTURA CURRICULAR DE LA CARRERA<\/strong><\/a><\/li>\n<li><a href=\"https:\/\/ifdc10-juj.infd.edu.ar\/sitio\/wp-content\/uploads\/2021\/12\/rural-CORRELATIIVIDADES.pdf\" target=\"_blank\" rel=\"noopener\"><strong>REGIMEN DE ACREDITACI\u00d3N Y CORRELATIVIDADES.<\/strong><\/a><\/li>\n<li><a href=\"https:\/\/ifdc10-juj.infd.edu.ar\/sitio\/wp-content\/uploads\/2021\/12\/RURAL.pdf\" target=\"_blank\" rel=\"noopener\"><strong>RESOLUCIONES<\/strong><\/a><\/li>\n<li><a href=\"https:\/\/ifdc10-juj.infd.edu.ar\/aula\/index.cgi?id_curso=244&amp;id_curso_ant=51\"><strong>ACCESO AL AULA VIRTUAL DEL\u00a0 Profesorado de Educaci\u00f3n Primaria con orientaci\u00f3n en educaci\u00f3n rural.<\/strong><\/a><\/li>\n<li><strong><a href=\"https:\/\/docs.google.com\/forms\/d\/e\/1FAIpQLScbhbKYCWYY-tz4eau1jh8eWRV0MSTwbt6R6QySLmpEr2ujug\/viewform\" target=\"_blank\" rel=\"noopener\">SOLICITUD DE CLAVE DE INGRESO AL CAMPUS<\/a>. S\u00f3lo para el alumnado matriculado en el Instituto<\/strong><\/li>\n<\/ul>\n<p><strong><a title=\"MESAS DE DICIEMBRE DE 2012\" href=\"https:\/\/docs.google.com\/spreadsheet\/viewform?formkey=dGRXbjZDZUgzWlJSUndhRjJJMWJMekE6MQ#gid=0\" target=\"_blank\" rel=\"noopener\">*FORMULARIO PARA INSCRIBIRSE EN MESAS DE EXAMEN<\/a><\/strong> <strong><a title=\"MESAS DE DICIEMBRE DE 2012\" href=\"https:\/\/docs.google.com\/spreadsheet\/viewform?formkey=dGRXbjZDZUgzWlJSUndhRjJJMWJMekE6MQ#gid=0\" target=\"_blank\" rel=\"noopener\">\u00a0<\/a><\/strong><\/p>\n<p><strong><a title=\"CARRERAS\" href=\"https:\/\/ifdc10-juj.infd.edu.ar\/sitio\/prof-de-matematica\/index.cgi?wid_seccion=18\">VOLVER A CARRERAS <\/a>. <a title=\"Home\" href=\"https:\/\/ifdc10-juj.infd.edu.ar\/sitio\/prof-de-matematica\/index.cgi\">VOLVER AL INICIO<\/a><\/strong><\/p>\n<h5 style=\"text-align: center;\">La coordinaci\u00f3n de la carrera es elegida por\u00a0 los colegas una vez conformado el plantel docente de la misma.<\/h5>\n","protected":false},"excerpt":{"rendered":"<p>Profesorado de EDUCACI\u00d3N PRIMARIA con orientaci\u00f3n en EDUCACI\u00d3N RURAL SEDE: Escuela Normal. Lib. Gral. San Mart\u00edn. Turno tarde. Esta carrera se empieza a cursar para los nuevos ingresantes,\u00a0 en el a\u00f1o 2023 una vez finalizado el curso de ambientaci\u00f3n (HORARIO 2023) que ser\u00e1 eliminatorio si los aspirante superan el cupo. FORMULARIO PARA LA MATRICULACI\u00d3N DEFINITIVA &#8230; <a title=\"Profesorado de Educaci\u00f3n Primaria con orientaci\u00f3n en educaci\u00f3n rural\" class=\"read-more\" href=\"https:\/\/ifdc10-juj.infd.edu.ar\/sitio\/profesorado-de-educacion-primaria-con-orientacion-en-educacion-rural\/\" aria-label=\"More on Profesorado de Educaci\u00f3n Primaria con orientaci\u00f3n en educaci\u00f3n rural\">[+]<\/a><\/p>\n","protected":false},"author":775,"featured_media":0,"parent":0,"menu_order":0,"comment_status":"closed","ping_status":"closed","template":"","meta":[],"acf":[],"_links":{"self":[{"href":"https:\/\/ifdc10-juj.infd.edu.ar\/sitio\/wp-json\/wp\/v2\/pages\/5899"}],"collection":[{"href":"https:\/\/ifdc10-juj.infd.edu.ar\/sitio\/wp-json\/wp\/v2\/pages"}],"about":[{"href":"https:\/\/ifdc10-juj.infd.edu.ar\/sitio\/wp-json\/wp\/v2\/types\/page"}],"author":[{"embeddable":true,"href":"https:\/\/ifdc10-juj.infd.edu.ar\/sitio\/wp-json\/wp\/v2\/users\/775"}],"replies":[{"embeddable":true,"href":"https:\/\/ifdc10-juj.infd.edu.ar\/sitio\/wp-json\/wp\/v2\/comments?post=5899"}],"version-history":[{"count":21,"href":"https:\/\/ifdc10-juj.infd.edu.ar\/sitio\/wp-json\/wp\/v2\/pages\/5899\/revisions"}],"predecessor-version":[{"id":10105,"href":"https:\/\/ifdc10-juj.infd.edu.ar\/sitio\/wp-json\/wp\/v2\/pages\/5899\/revisions\/10105"}],"wp:attachment":[{"href":"https:\/\/ifdc10-juj.infd.edu.ar\/sitio\/wp-json\/wp\/v2\/media?parent=5899"}],"curies":[{"name":"wp","href":"https:\/\/api.w.org\/{rel}","templated":true}]}}