{"id":4338,"date":"2019-06-07T17:52:46","date_gmt":"2019-06-07T20:52:46","guid":{"rendered":"https:\/\/ifdc10-juj.infd.edu.ar\/sitio\/?page_id=4338"},"modified":"2023-03-21T00:20:46","modified_gmt":"2023-03-21T03:20:46","slug":"tec-sup-en-diseno-de-indumentaria","status":"publish","type":"page","link":"https:\/\/ifdc10-juj.infd.edu.ar\/sitio\/tec-sup-en-diseno-de-indumentaria\/","title":{"rendered":"Tec. Sup. en Dise\u00f1o de Indumentaria"},"content":{"rendered":"<h3 style=\"text-align: center;\"><span style=\"color: #ffffff;\">TECNICATURA SUPERIOR EN DISE\u00d1O DE INDUMENTARIA<\/span><\/h3>\n<p style=\"text-align: center;\"><span style=\"color: #ffffff;\">DISE\u00d1O CURRICULAR DE LA CARRERA<\/span><\/p>\n<div  class=\"lgc-column lgc-grid-parent lgc-grid-33 lgc-tablet-grid-50 lgc-mobile-grid-100 lgc-equal-heights \"><div  class=\"inside-grid-column\"><a href=\"https:\/\/ifdc10-juj.infd.edu.ar\/sitio\/wp-content\/uploads\/2019\/06\/TEC.-INDUMENTARIA.jpg\"><img decoding=\"async\" loading=\"lazy\" class=\"aligncenter wp-image-4310\" src=\"https:\/\/ifdc10-juj.infd.edu.ar\/sitio\/wp-content\/uploads\/2019\/06\/TEC.-INDUMENTARIA.jpg\" alt=\"\" width=\"535\" height=\"401\" \/><\/a><\/div><\/div><div  class=\"lgc-column lgc-grid-parent lgc-grid-33 lgc-tablet-grid-50 lgc-mobile-grid-100 lgc-equal-heights \"><div  class=\"inside-grid-column\">\n<ul>\n<li><span style=\"color: #ffffff;\"><strong>FORMULARIO PARA LA MATRICULACI\u00d3N DEFINITIVA A LA CARRERA EN FORMATO DIGITAL. &gt;&gt;&gt;&gt;IR AQU\u00cd&gt;&gt;&gt;&gt;<\/strong><\/span><\/li>\n<li><span style=\"color: #ffffff;\"><strong><em>CARTILLAS DE INGRESO 2023<br \/><\/em><\/strong><\/span><\/li>\n<li><span style=\"color: #ffffff;\"><a style=\"color: #ffffff;\" href=\"https:\/\/ifdc10-juj.infd.edu.ar\/sitio\/wp-content\/uploads\/2019\/05\/Cartilla-Dis-Indumentaria-IES10.docx\"><strong><em>OBJETIVOS. \u00c1MBITO LABORAL. TIEMPO DE ESTUDIO.<\/em><\/strong><\/a><\/span>\n<\/li>\n<li><span style=\"color: #ffffff;\"><a style=\"color: #ffffff;\" href=\"https:\/\/ifdc10-juj.infd.edu.ar\/sitio\/wp-content\/uploads\/2021\/12\/ESTRUCTURA-CURRICULAR-DISENO-DE-INDUMENTARIA.pdf\" target=\"_blank\" rel=\"noopener\"> <strong><em>ESTRUCTURA CURRICULAR DE LA CARRERA.<\/em><\/strong><\/a><\/span>\n<\/li>\n<li><span style=\"color: #ffffff;\"><a style=\"color: #ffffff;\" href=\"https:\/\/ifdc10-juj.infd.edu.ar\/sitio\/wp-content\/uploads\/2021\/12\/REGIMEN-DE-CORRELATIVIDADES-Y-APROBACION-DISENO-DE-INDUMENTARIA.docx.pdf\" target=\"_blank\" rel=\"noopener\"><strong><em>PLAN DE CORRELATIVIDADES Y REGIMEN ACADEMICO. <\/em><\/strong><\/a><\/span><\/li>\n<\/ul>\n<p><\/p><\/div><\/div><div  class=\"lgc-column lgc-grid-parent lgc-grid-33 lgc-tablet-grid-50 lgc-mobile-grid-100 lgc-equal-heights \"><div  class=\"inside-grid-column\">\n<h5><a href=\"https:\/\/ifdc10-juj.infd.edu.ar\/sitio\/requisitos-para-el-ingreso\/https-ifdc10-juj-infd-edu-ar-sitio-carreras-en-el-ies-no10\/\" target=\"_blank\" rel=\"noopener\"><strong>\/ <\/strong><strong>\u00a0OFERTA EDUCATIVA. \/<\/strong><\/a>\/<\/h5><\/div><\/div><\/h5>\n<h5 style=\"text-align: center;\"><span style=\"color: #ffffff;\">HORARIOS DE LA TECNICATURA. (A confirmar)<\/span><\/h5>\n<h5 style=\"text-align: center;\"><span style=\"color: #ffffff;\"><a style=\"color: #ffffff;\" href=\"https:\/\/ifdc10-juj.infd.edu.ar\/aula\/index.cgi?id_curso=211&amp;id_curso_ant=147\">ACCESO AL AULA VIRTUAL DE LA T.S. en dise\u00f1o de indumentaria<\/a><\/span><\/h5>\n<p style=\"text-align: center;\"><span style=\"color: #ffffff;\"><a style=\"color: #ffffff;\" href=\"https:\/\/docs.google.com\/forms\/d\/e\/1FAIpQLScbhbKYCWYY-tz4eau1jh8eWRV0MSTwbt6R6QySLmpEr2ujug\/closedform\"><strong>SOLICITUD DE CLAVE DE INGRESO AL CAMPUS<\/strong><\/a>. S\u00f3lo para los alumnos matriculados en la instituci\u00f3n.<\/span><\/p>\n<h5 style=\"text-align: center;\"><span style=\"color: #ffffff;\">El Coordinador de la Tecnicatura es Lic. Luis Ricardo Gonz\u00e1lez<\/span><\/h5>\n","protected":false},"excerpt":{"rendered":"<p>TECNICATURA SUPERIOR EN DISE\u00d1O DE INDUMENTARIA DISE\u00d1O CURRICULAR DE LA CARRERA HORARIOS DE LA TECNICATURA. (A confirmar) ACCESO AL AULA VIRTUAL DE LA T.S. en dise\u00f1o de indumentaria SOLICITUD DE CLAVE DE INGRESO AL CAMPUS. S\u00f3lo para los alumnos matriculados en la instituci\u00f3n. El Coordinador de la Tecnicatura es Lic. Luis Ricardo Gonz\u00e1lez<\/p>\n","protected":false},"author":775,"featured_media":0,"parent":0,"menu_order":0,"comment_status":"closed","ping_status":"closed","template":"","meta":[],"acf":[],"_links":{"self":[{"href":"https:\/\/ifdc10-juj.infd.edu.ar\/sitio\/wp-json\/wp\/v2\/pages\/4338"}],"collection":[{"href":"https:\/\/ifdc10-juj.infd.edu.ar\/sitio\/wp-json\/wp\/v2\/pages"}],"about":[{"href":"https:\/\/ifdc10-juj.infd.edu.ar\/sitio\/wp-json\/wp\/v2\/types\/page"}],"author":[{"embeddable":true,"href":"https:\/\/ifdc10-juj.infd.edu.ar\/sitio\/wp-json\/wp\/v2\/users\/775"}],"replies":[{"embeddable":true,"href":"https:\/\/ifdc10-juj.infd.edu.ar\/sitio\/wp-json\/wp\/v2\/comments?post=4338"}],"version-history":[{"count":33,"href":"https:\/\/ifdc10-juj.infd.edu.ar\/sitio\/wp-json\/wp\/v2\/pages\/4338\/revisions"}],"predecessor-version":[{"id":10137,"href":"https:\/\/ifdc10-juj.infd.edu.ar\/sitio\/wp-json\/wp\/v2\/pages\/4338\/revisions\/10137"}],"wp:attachment":[{"href":"https:\/\/ifdc10-juj.infd.edu.ar\/sitio\/wp-json\/wp\/v2\/media?parent=4338"}],"curies":[{"name":"wp","href":"https:\/\/api.w.org\/{rel}","templated":true}]}}