{"id":2246,"date":"2018-07-10T12:11:23","date_gmt":"2018-07-10T15:11:23","guid":{"rendered":"https:\/\/ifdc10-juj.infd.edu.ar\/sitio\/?page_id=2246"},"modified":"2023-03-20T23:23:05","modified_gmt":"2023-03-21T02:23:05","slug":"profesorado-de-ingles","status":"publish","type":"page","link":"https:\/\/ifdc10-juj.infd.edu.ar\/sitio\/profesorado-de-ingles\/","title":{"rendered":"PROFESORADO DE INGL\u00c9S."},"content":{"rendered":"<h2><a href=\"https:\/\/ifdc10-juj.infd.edu.ar\/sitio\/wp-content\/uploads\/2020\/01\/ingles-2020.png\"><img decoding=\"async\" loading=\"lazy\" class=\"alignleft wp-image-5959\" src=\"https:\/\/ifdc10-juj.infd.edu.ar\/sitio\/wp-content\/uploads\/2020\/01\/ingles-2020.png\" alt=\"\" width=\"570\" height=\"428\" \/><\/a>PROFESORADO DE EDUCACI\u00d3N SECUNDARIA EN INGL\u00c9S.<\/h2>\n<h3><a href=\"https:\/\/ifdc10-juj.infd.edu.ar\/sitio\/wp-content\/uploads\/2019\/04\/Nueva-imagen-24.png\">SEDE: Escuela Normal. Lib. Gral. San Mart\u00edn. Turno tarde.<\/a><\/h3>\n<h4 style=\"text-align: center;\"><a href=\"https:\/\/drive.google.com\/file\/d\/1ksNPO6HZ3eEAenjxwCy5YOQrqOBceP-X\/view?usp=share_link\" target=\"_blank\" rel=\"noopener\">CURSILLO DE INGL\u00c9S: DIAS Y HORARIO<\/a> <br \/><a href=\"https:\/\/drive.google.com\/file\/d\/17dI2GHdOexaqfhiMRcBFNhYFjQSILimz\/view?usp=share_link\" target=\"_blank\" rel=\"noopener\">CARTILLA INGRESO 2023<\/a><\/h4>\n<div  class=\"lgc-column lgc-grid-parent lgc-grid-33 lgc-tablet-grid-50 lgc-mobile-grid-100 lgc-equal-heights \"><div  class=\"inside-grid-column\">\n<ul>\n<li style=\"text-align: left;\"><a href=\"https:\/\/ifdc10-juj.infd.edu.ar\/sitio\/wp-content\/uploads\/2021\/12\/Profesorado-de-Ingles-A.pdf\" target=\"_blank\" rel=\"noopener\"><strong>ESTRUCTURA CURRICULAR\u00a0<\/strong><\/a><\/li>\n<li style=\"text-align: left;\"><a href=\"https:\/\/ifdc10-juj.infd.edu.ar\/sitio\/wp-content\/uploads\/2021\/12\/Ingles.pdf\" target=\"_blank\" rel=\"noopener\"><strong>REGIMEN DE ACREDITACI\u00d3N Y CORRELATIVIDADES\u00a0<\/strong><\/a><\/li>\n<li style=\"text-align: left;\"><strong><a href=\"https:\/\/ifdc10-juj.infd.edu.ar\/sitio\/wp-content\/uploads\/2021\/12\/INGLES.pdf\" target=\"_blank\" rel=\"noopener\">RESOLUCIONES<\/a><\/strong><\/li>\n<\/ul>\n<p><a href=\"https:\/\/docs.google.com\/forms\/d\/e\/1FAIpQLScbhbKYCWYY-tz4eau1jh8eWRV0MSTwbt6R6QySLmpEr2ujug\/viewform\" target=\"_blank\" rel=\"noopener\"><strong>SOLICITUD DE CLAVE DE INGRESO AL CAMPUS.<\/strong><\/a> S\u00f3lo para el alumnado matriculado en el instituto. <\/p><\/div><\/div><div  class=\"lgc-column lgc-grid-parent lgc-grid-33 lgc-tablet-grid-50 lgc-mobile-grid-100 lgc-equal-heights \"><div  class=\"inside-grid-column\">\n<ul>\n<li style=\"text-align: center;\"><span data-mce-mark=\"1\"><strong><a title=\"AULA VIRTUAL DE INGLES\" href=\"https:\/\/ifdc10-juj.infd.edu.ar\/aula\/index.cgi?id_curso=52\" target=\"_blank\" rel=\"noopener\">AULA VIRTUAL DE INGL\u00c9S<\/a><\/strong><\/span><\/li>\n<\/ul>\n<p><\/p><\/div><\/div><div  class=\"lgc-column lgc-grid-parent lgc-grid-33 lgc-tablet-grid-50 lgc-mobile-grid-100 lgc-equal-heights \"><div  class=\"inside-grid-column\">\n<p><strong>Para conocer los programas de estudio\u00a0 linkear el enlace al <a title=\"AULA VIRTUAL DE INGLES\" href=\"https:\/\/ifdc10-juj.infd.edu.ar\/aula\/index.cgi?id_curso=52\" target=\"_blank\" rel=\"noopener\">AULA VIRTUAL DE INGL\u00c9S <\/a><\/strong><\/p>\n<ul>\n<li style=\"text-align: center;\"><strong>La Carrera de Prof. de Ingl\u00e9s es una carrera de cuatro a\u00f1os que se cursa en la Esc. Normal, en el horario de la tarde en Lib. Gral. San Mart\u00edn.\u00a0<\/strong><\/li>\n<\/ul>\n<p><\/p><\/div><\/div>\n<p style=\"text-align: center;\"><strong>La Coordinadora de la Carrera es la Lic. Prof. VALENTINA SALINAS\u00a0 quispemara@yahoo.com.ar<\/strong><\/p>\n<ul>\n<li style=\"text-align: center;\"><strong><a title=\"CARRERAS\" href=\"index.cgi?wid_seccion=18\">VOLVER A CARRERAS\u00a0 <\/a>\/\/\/. <a title=\"Home\" href=\"index.cgi\">VOLVER AL INICIO<\/a><\/strong><\/li>\n<\/ul>\n<p><strong>\u00a0<\/strong><\/p>\n","protected":false},"excerpt":{"rendered":"<p>PROFESORADO DE EDUCACI\u00d3N SECUNDARIA EN INGL\u00c9S. SEDE: Escuela Normal. Lib. Gral. San Mart\u00edn. Turno tarde. CURSILLO DE INGL\u00c9S: DIAS Y HORARIO CARTILLA INGRESO 2023 La Coordinadora de la Carrera es la Lic. Prof. VALENTINA SALINAS\u00a0 quispemara@yahoo.com.ar VOLVER A CARRERAS\u00a0 \/\/\/. VOLVER AL INICIO \u00a0<\/p>\n","protected":false},"author":775,"featured_media":0,"parent":0,"menu_order":0,"comment_status":"closed","ping_status":"closed","template":"","meta":[],"acf":[],"_links":{"self":[{"href":"https:\/\/ifdc10-juj.infd.edu.ar\/sitio\/wp-json\/wp\/v2\/pages\/2246"}],"collection":[{"href":"https:\/\/ifdc10-juj.infd.edu.ar\/sitio\/wp-json\/wp\/v2\/pages"}],"about":[{"href":"https:\/\/ifdc10-juj.infd.edu.ar\/sitio\/wp-json\/wp\/v2\/types\/page"}],"author":[{"embeddable":true,"href":"https:\/\/ifdc10-juj.infd.edu.ar\/sitio\/wp-json\/wp\/v2\/users\/775"}],"replies":[{"embeddable":true,"href":"https:\/\/ifdc10-juj.infd.edu.ar\/sitio\/wp-json\/wp\/v2\/comments?post=2246"}],"version-history":[{"count":38,"href":"https:\/\/ifdc10-juj.infd.edu.ar\/sitio\/wp-json\/wp\/v2\/pages\/2246\/revisions"}],"predecessor-version":[{"id":10095,"href":"https:\/\/ifdc10-juj.infd.edu.ar\/sitio\/wp-json\/wp\/v2\/pages\/2246\/revisions\/10095"}],"wp:attachment":[{"href":"https:\/\/ifdc10-juj.infd.edu.ar\/sitio\/wp-json\/wp\/v2\/media?parent=2246"}],"curies":[{"name":"wp","href":"https:\/\/api.w.org\/{rel}","templated":true}]}}