{"id":2240,"date":"2018-07-10T12:11:23","date_gmt":"2018-07-10T15:11:23","guid":{"rendered":"https:\/\/ifdc10-juj.infd.edu.ar\/sitio\/?page_id=2240"},"modified":"2020-11-27T00:19:59","modified_gmt":"2020-11-27T03:19:59","slug":"requisitos-para-el-ingreso","status":"publish","type":"page","link":"https:\/\/ifdc10-juj.infd.edu.ar\/sitio\/requisitos-para-el-ingreso\/","title":{"rendered":"INGRESO 2020. Requisitos para el Ingreso"},"content":{"rendered":"<p><span style=\"text-decoration: underline;\"><strong><img decoding=\"async\" loading=\"lazy\" title=\"REGLAMENTACI\u00d3N DEL INGRESO DE LOS ALUMNOS\" src=\"https:\/\/ifdc10-juj.infd.edu.ar\/sitio\/wp-content\/uploads\/2018\/07\/Nueva_imagen_58.png\" alt=\"REGLAMENTACI\u00d3N DEL INGRESO DE LOS ALUMNOS\" width=\"690\" height=\"1005\" border=\"0\" \/><br \/>\n<\/strong><\/span>Para leer el texto completo del documento linkear <a title=\"RAP 2011\" href=\"http:\/\/des.juj.infd.edu.ar\/sitio\/upload\/REGIMEN_ACADEMICO_PROVINCIAL_2.pdf\" target=\"_blank\" rel=\"noopener\"><strong>aqu\u00ed<\/strong><\/a>.\u00a0 <a title=\"El Ingreso al IES N\u00ba10 el a\u00f1o 2012\" href=\"index.cgi?wid_item=74&amp;wid_seccion=32\"><span style=\"font-size: 12pt;\"><strong><span style=\"font-family: arial,helvetica,sans-serif;\">VOLVER A INGRESO AL IES N\u00ba10<\/span><\/strong><\/span><\/a><\/p>\n<table style=\"background-color: #ccffcc; width: 693px; height: 307px;\" border=\"0\" align=\"center\">\n<tbody>\n<tr>\n<td style=\"height: 50px;\" colspan=\"2\">El Equipo Directivo del IES N\u00b0 10 informa que desde el 27 de noviembre y hasta el 12 de diciembre se realizaran las pre inscripciones a las distintas ofertas de formaci\u00f3n docente que se dictan a la instituci\u00f3n.<\/p>\n<p style=\"text-align: justify;\">LOS QUE ASPIREN A INGRESAR en ALGUNA DE LAS CARRERAS DEL IES N\u00ba1O TIENEN QUE:<\/p>\n<p><strong>PRE INSCRIBIRSE PARA REALIZAR EL CURSO DE <em>ambientaci\u00f3n <\/em><\/strong><span style=\"text-decoration: underline;\"><em>EN LA CARRERA QUE DESEAN CURSAR<\/em><\/span>, EN LOS TIEMPOS\u00a0 Y MODALIDADES QUE SE ESTABLEZCAN EN 2021\u00a0 PARA HACERLO.<\/p>\n<p>COMPLETE EL FORMULARIO ON LINE.<\/p>\n<p>DESGARGUE PLANILLA DE PRE-INSCRIPCION,\u00a0<span style=\"font-family: inherit; font-size: inherit;\">deber\u00e1n completar y presentar en la instituci\u00f3n en un sobre junto a la documentaci\u00f3n necesaria:<\/span><\/td>\n<\/tr>\n<tr>\n<td style=\"text-align: left;\" colspan=\"2\">1- Fotocopia de t\u00edtulo de Escuela Secundaria, o constancia de finalizaci\u00f3n de estudios.<br \/>\n2- Fotocopia de DNI<br \/>\n3- Formulario de pre inscripci\u00f3n.<br \/>\nHorario de atenci\u00f3n en cada sede para recepci\u00f3n de documentaci\u00f3n:<br \/>\nSede Esc. De Comercio N\u00b0 4: de 18 a 21Hs<br \/>\nSede Esc. Normal: de 16,30 a 19,30 Hs.<br \/>\nSede Fraile Pintado: de 18 a 21 Hs.<\/td>\n<\/tr>\n<tr>\n<td style=\"text-align: center;\" colspan=\"2\"><\/td>\n<\/tr>\n<tr>\n<td style=\"background-color: #ccffcc;\" colspan=\"2\">\n<p style=\"text-align: center;\"><span style=\"text-decoration: underline;\">El <a title=\"REGIMEN ACAD\u00c9MICO PROVINCIAL RES\/6815-E-11\" href=\"http:\/\/des.juj.infd.edu.ar\/sitio\/upload\/REGIMEN_ACADEMICO_PROVINCIAL_2.pdf\" target=\"_blank\" rel=\"noopener\"><strong>R\u00e9gimen Acad\u00e9mico Provincial<\/strong><\/a> Indica los siguientes requisitos.<\/span><\/p>\n<p><span style=\"text-decoration: underline;\"><a title=\"INGRESO DE LOS ALUMNOS. RAP\/2011\" href=\"https:\/\/dl.dropbox.com\/u\/74879085\/INGRESO.%20REQUISITOS%20PARA%20EL%20INGRESO.%20RAP%202011.doc\" target=\"_blank\" rel=\"noopener\"><strong>CAP\u00cdTULO III: INGRESO<\/strong><\/a><strong><a title=\"INGRESO DE LOS ALUMNOS. RAP\/2011\" href=\"https:\/\/dl.dropbox.com\/u\/74879085\/INGRESO.%20REQUISITOS%20PARA%20EL%20INGRESO.%20RAP%202011.doc\" target=\"_blank\" rel=\"noopener\"> DE ALUMNOS (El siguiente es un extracto del RAP)<\/a><\/strong><\/span><\/td>\n<\/tr>\n<\/tbody>\n<\/table>\n","protected":false},"excerpt":{"rendered":"<p>Para leer el texto completo del documento linkear aqu\u00ed.\u00a0 VOLVER A INGRESO AL IES N\u00ba10 El Equipo Directivo del IES N\u00b0 10 informa que desde el 27 de noviembre y hasta el 12 de diciembre se realizaran las pre inscripciones a las distintas ofertas de formaci\u00f3n docente que se dictan a la instituci\u00f3n. LOS QUE &#8230; <a title=\"INGRESO 2020. Requisitos para el Ingreso\" class=\"read-more\" href=\"https:\/\/ifdc10-juj.infd.edu.ar\/sitio\/requisitos-para-el-ingreso\/\" aria-label=\"More on INGRESO 2020. Requisitos para el Ingreso\">[+]<\/a><\/p>\n","protected":false},"author":775,"featured_media":0,"parent":0,"menu_order":0,"comment_status":"closed","ping_status":"closed","template":"","meta":[],"acf":[],"_links":{"self":[{"href":"https:\/\/ifdc10-juj.infd.edu.ar\/sitio\/wp-json\/wp\/v2\/pages\/2240"}],"collection":[{"href":"https:\/\/ifdc10-juj.infd.edu.ar\/sitio\/wp-json\/wp\/v2\/pages"}],"about":[{"href":"https:\/\/ifdc10-juj.infd.edu.ar\/sitio\/wp-json\/wp\/v2\/types\/page"}],"author":[{"embeddable":true,"href":"https:\/\/ifdc10-juj.infd.edu.ar\/sitio\/wp-json\/wp\/v2\/users\/775"}],"replies":[{"embeddable":true,"href":"https:\/\/ifdc10-juj.infd.edu.ar\/sitio\/wp-json\/wp\/v2\/comments?post=2240"}],"version-history":[{"count":7,"href":"https:\/\/ifdc10-juj.infd.edu.ar\/sitio\/wp-json\/wp\/v2\/pages\/2240\/revisions"}],"predecessor-version":[{"id":7596,"href":"https:\/\/ifdc10-juj.infd.edu.ar\/sitio\/wp-json\/wp\/v2\/pages\/2240\/revisions\/7596"}],"wp:attachment":[{"href":"https:\/\/ifdc10-juj.infd.edu.ar\/sitio\/wp-json\/wp\/v2\/media?parent=2240"}],"curies":[{"name":"wp","href":"https:\/\/api.w.org\/{rel}","templated":true}]}}