{"id":2220,"date":"2018-07-10T12:11:22","date_gmt":"2018-07-10T15:11:22","guid":{"rendered":"https:\/\/ifdc10-juj.infd.edu.ar\/sitio\/?page_id=2220"},"modified":"2020-01-22T17:49:44","modified_gmt":"2020-01-22T20:49:44","slug":"prof-para-la-ensenanza-primaria","status":"publish","type":"page","link":"https:\/\/ifdc10-juj.infd.edu.ar\/sitio\/prof-para-la-ensenanza-primaria\/","title":{"rendered":"PROF. PARA LA ENSE\u00d1ANZA PRIMARIA. No inscribe para NING\u00daN INGRESO"},"content":{"rendered":"<table style=\"background-color: #cccc66; border: 3px solid #999900; height: 300px; width: 700px;\" border=\"3\" cellpadding=\"2\" align=\"center\">\n<tbody>\n<tr style=\"height: 22px;\">\n<td style=\"height: 22px; background-color: #050505; text-align: center;\" colspan=\"2\"><span style=\"color: #ffff00;\" data-mce-mark=\"1\"><strong><span style=\"font-size: 14pt;\" data-mce-mark=\"1\">ESTA CARRERA NO INSCRIBRE PARA NING\u00daN INGRESO<br \/>\n<\/span><\/strong><\/span><\/td>\n<\/tr>\n<tr style=\"height: 22.5px;\">\n<td style=\"text-align: center; height: 22.5px; background-color: #ffff00;\" colspan=\"2\"><span style=\"color: #0000ff;\" data-mce-mark=\"1\"><span data-mce-mark=\"1\"><span data-mce-mark=\"1\"><a title=\"ING. 2016\" href=\"https:\/\/docs.google.com\/forms\/d\/1ZavejlusPnw179dxxb7SRmY2571ImT7slc2Eu_ZgiMI\/viewform\" target=\"_blank\" rel=\"noopener\"><strong><span style=\"font-size: 14pt;\" data-mce-mark=\"1\">PRE INSCRIPCI\u00d3N INGRESO 2017. FORMULARIO<\/span><\/strong><\/a><\/span><\/span><\/span><\/td>\n<\/tr>\n<tr style=\"height: 22px;\">\n<td style=\"text-align: center; height: 22px;\" colspan=\"2\"><a title=\"INGRESO 2017. CARTILLAS\" href=\"index.cgi?wid_item=76&amp;wid_seccion=18\" target=\"_blank\" rel=\"noopener\"><span style=\"font-size: 14pt; background-color: #ffff00;\"><strong><span style=\"font-size: 10pt;\"><span style=\"font-size: 14pt;\">CARTILLAS DE INGRESO 2017<\/span><\/span><\/strong><\/span><\/a><span style=\"font-size: 14pt; color: #000000; background-color: #ffff00;\"><strong><span style=\"font-size: 10pt;\"><br \/>\n<\/span><\/strong><\/span><\/td>\n<\/tr>\n<tr style=\"height: 22px;\">\n<td style=\"text-align: center; height: 22px; background-color: #f0ffff;\" colspan=\"2\">\n<p style=\"text-align: center;\"><span style=\"color: #000000; font-size: 10pt;\"><strong><strong>(ANTERIOR A 2017)<\/strong><\/strong><\/span><\/p>\n<\/td>\n<\/tr>\n<tr style=\"height: 22px;\">\n<td style=\"text-align: center; height: 22px;\" colspan=\"2\">\n<p style=\"text-align: center;\"><span style=\"color: #ff0000; font-size: 12pt;\"><strong><a title=\"REQUISITOS\" href=\"https:\/\/dl.dropboxusercontent.com\/u\/74879085\/2014\/2014%20INGRESANTES\/requisitos%20PARA%20MATRICULARSE.pdf\" target=\"_blank\" rel=\"noopener\"><span style=\"color: #ff0000;\"><strong><span style=\"color: #ffffff;\"><span style=\"color: #ff0000;\">REQUISITOS PARA MATRICULARSE <\/span><span style=\"color: #ffff00;\"><span style=\"color: #ff0000;\">EN PRIMER A\u00d1O 2015<\/span><\/span><\/span><\/strong><\/span><\/a><\/strong><\/span><\/p>\n<\/td>\n<\/tr>\n<tr style=\"height: 22px;\">\n<td style=\"height: 22px; text-align: center;\" colspan=\"2\"><span style=\"color: #0000ff; font-size: 12pt; background-color: #99ff66;\" data-mce-mark=\"1\"><span data-mce-mark=\"1\"><span data-mce-mark=\"1\"><strong><span style=\"color: #000000;\"><strong><a title=\"CARTILLAS 2016\" href=\"index.cgi?wid_item=76&amp;wid_seccion=32\" target=\"_blank\" rel=\"noopener\"><span style=\"background-color: #99ff66;\">INGRESO 2016: CRONOGRAMA \/\/ CARTILLA 2016<\/span><\/a><\/strong><\/span><\/strong><\/span><\/span><\/span><\/td>\n<\/tr>\n<tr style=\"height: 22px;\">\n<td style=\"text-align: center; height: 22px;\" colspan=\"2\"><span style=\"color: #0000ff; font-size: 12pt;\" data-mce-mark=\"1\"><span data-mce-mark=\"1\"><span data-mce-mark=\"1\"><strong><a title=\"PEP. ING. 2015\" href=\"index.cgi?wid_seccion=32&amp;wid_item=104\" target=\"_blank\" rel=\"noopener\">(INGRESANTES 2015. LISTADO.)<\/a><br \/>\n<\/strong><\/span><\/span><\/span><\/td>\n<\/tr>\n<tr style=\"height: 22px;\">\n<td style=\"text-align: center; height: 22px;\" colspan=\"2\"><span style=\"color: #0000ff; font-size: 12pt;\" data-mce-mark=\"1\"><span data-mce-mark=\"1\"><span data-mce-mark=\"1\"><strong><a title=\"2015 MATRICULAC. FORM.\" href=\"https:\/\/docs.google.com\/forms\/d\/1_w8WpE1syc8Q0Da_2k_v9eJEOs2Xwk5wZZRxSSGtpKE\/viewform\" target=\"_blank\" rel=\"noopener\"><strong>(INGRESANTES 2015 : FORMULARIO PARA LA MATRICULACI\u00d3N DEFINITIVA.)<\/strong><\/a><\/strong><\/span><\/span><\/span><\/td>\n<\/tr>\n<tr style=\"height: 22px;\">\n<td style=\"text-align: center; height: 22px;\" colspan=\"2\"><span style=\"font-size: 12pt;\"><a title=\"HORARIO CLASES 2015\" href=\"https:\/\/dl.dropboxusercontent.com\/u\/74879085\/2015\/HORARIO%20DE%20CLASES%202015\/HORARIOS%20PRIMARIA%20PRIMER%20CUATRIMESTRE.pdf\" target=\"_blank\" rel=\"noopener\"><span style=\"color: #0000ff;\" data-mce-mark=\"1\"><span data-mce-mark=\"1\"><span data-mce-mark=\"1\"><strong>HORARIO DE CLASES A\u00d1O 2015)<\/strong><\/span><\/span><\/span><\/a><\/span><\/td>\n<\/tr>\n<tr style=\"height: 47px;\">\n<td style=\"text-align: center; height: 47px;\" colspan=\"2\">\n<p style=\"text-align: center;\"><object data=\"http:\/\/www.pageplugins.com\/generators\/flash_glitter_text\/show.swf?message=BIENVENIDOS%20AL%20IES%2010&amp;font=http:\/\/www.pageplugins.com\/generators\/flash_glitter_text\/fonts\/plainn_lib2.swf&amp;glitter=http:\/\/www.pageplugins.com\/generators\/flash_glitter_text\/glitters\/glitter24.swf&amp;clickURL=http:\/\/www.pageplugins.com\/generators\/flash_glitter_text\/&amp;swfHeight=61&amp;swfWidth=438&amp;bevel=1&amp;shadow=1&amp;glow=1&amp;blur=0&amp;fade=0&amp;blink=0&amp;fontsize=30&amp;num=24\" type=\"application\/x-shockwave-flash\" width=\"530\" height=\"67\"><param name=\"data\" value=\"http:\/\/www.pageplugins.com\/generators\/flash_glitter_text\/show.swf?message=BIENVENIDOS%20AL%20IES%2010&amp;font=http:\/\/www.pageplugins.com\/generators\/flash_glitter_text\/fonts\/plainn_lib2.swf&amp;glitter=http:\/\/www.pageplugins.com\/generators\/flash_glitter_text\/glitters\/glitter24.swf&amp;clickURL=http:\/\/www.pageplugins.com\/generators\/flash_glitter_text\/&amp;swfHeight=61&amp;swfWidth=438&amp;bevel=1&amp;shadow=1&amp;glow=1&amp;blur=0&amp;fade=0&amp;blink=0&amp;fontsize=30&amp;num=24\" \/><param name=\"src\" value=\"http:\/\/www.pageplugins.com\/generators\/flash_glitter_text\/show.swf?message=BIENVENIDOS%20AL%20IES%2010&amp;font=http:\/\/www.pageplugins.com\/generators\/flash_glitter_text\/fonts\/plainn_lib2.swf&amp;glitter=http:\/\/www.pageplugins.com\/generators\/flash_glitter_text\/glitters\/glitter24.swf&amp;clickURL=http:\/\/www.pageplugins.com\/generators\/flash_glitter_text\/&amp;swfHeight=61&amp;swfWidth=438&amp;bevel=1&amp;shadow=1&amp;glow=1&amp;blur=0&amp;fade=0&amp;blink=0&amp;fontsize=30&amp;num=24\" \/><param name=\"wmode\" value=\"transparent\" \/><param name=\"quality\" value=\"best\" \/><\/object><\/p>\n<p>\u00a0<a href=\"http:\/\/youtu.be\/t-fT4IrCtlU\" target=\"_blank\" rel=\"noopener\"><strong><span style=\"font-size: 14pt;\">PROPUESTA EDUCATIVA DEL IES N\u00ba10<\/span><\/strong><\/a><\/td>\n<\/tr>\n<tr style=\"height: 365px;\">\n<td style=\"text-align: center; height: 365px;\" colspan=\"2\"><span style=\"font-size: 12pt;\"><span style=\"color: #800000;\"><span style=\"font-family: arial black,avant garde;\"><img decoding=\"async\" loading=\"lazy\" style=\"border: 0; float: left;\" title=\"ICONO\" src=\"https:\/\/ifdc10-juj.infd.edu.ar\/sitio\/wp-content\/uploads\/2018\/07\/2017_PEP.jpg\" alt=\"ICONO\" width=\"423\" height=\"317\" border=\"0\" \/>PROFESORADO PARA LA ENSE<\/span><span style=\"font-family: arial black,avant garde;\">\u00d1ANZA PRIMARIA<\/span><\/span><\/span><\/p>\n<p><span style=\"font-size: 10pt;\"><span style=\"color: #800000;\"><span style=\"font-family: arial black,avant garde;\">El MINISTERIO DE EDUCACI\u00d3N DE LA NACI\u00d3N JUNTO A OTROS ESTAMENTOS EDUCATIVOS HA ELABORADO EL DISE\u00d1O CURRICULAR DE LA CARRERA:<\/span><\/span><\/span><span style=\"font-size: 12pt;\"><strong><span style=\"color: #000000;\"><a title=\"PROFESORADO DE EDUCACI\u00d3N PRIMARIA. DISE\u00d1O CURRICULAR\" href=\"upload\/2009._DCDEFINITIVOPRIMARIA11.pdf\" target=\"_blank\" rel=\"noopener\"> <span style=\"text-decoration: underline;\">DOCUMENTO OFICIAL<\/span><\/a><\/span><\/strong><\/span><span style=\"font-size: 10pt;\"><strong><span style=\"color: #0000ff;\"> <span style=\"color: #000000;\">(se acompa\u00f1a con el \u00edndice <\/span><a title=\"EDUCACI\u00d3N PRIMARIA. DISE\u00d1O DE LA CARRERA. \u00cdNDICE\" href=\"upload\/2009._DISENIO_ULTIMO._INDICE._VALE..pdf\" target=\"_blank\" rel=\"noopener\">(ver \u00edndice)<\/a><\/span><\/strong><\/span><\/p>\n<p><a title=\"correlatividades\" href=\"https:\/\/dl.dropbox.com\/u\/74879085\/0%20CORRELATIVIDADES%20TODAS..doc\" target=\"_blank\" rel=\"noopener\"><span style=\"font-size: 10pt;\"><strong><span style=\"color: #0000ff;\">PLAN DE CORRELATIVIDADES<\/span><\/strong><\/span><\/a><a title=\"CORRELATIVIDADES\" href=\"https:\/\/www.dropbox.com\/s\/rtu70ap3oysay5o\/Correlatividades%20todas%20las%20carreras.doc\" target=\"_blank\" rel=\"noopener\"><br \/>\n<\/a><\/p>\n<h1><span style=\"font-size: 10pt;\"> <span style=\"color: #000000;\">La Coordinadora de la Carrera es la Prof. Maria Claudia B\u00e1rcena:<\/span><span style=\"color: #0000ff;\"><strong>\u00a0<\/strong><\/span> <\/span><\/h1>\n<\/td>\n<\/tr>\n<tr style=\"height: 1057px;\">\n<td style=\"text-align: center; height: 1057px;\" colspan=\"2\"><span style=\"font-size: 12pt;\"><span style=\"color: #800000;\"><span style=\"font-family: arial black,avant garde;\"><img decoding=\"async\" loading=\"lazy\" title=\"TRIFOLIO PEP 2012\" src=\"https:\/\/ifdc10-juj.infd.edu.ar\/sitio\/wp-content\/uploads\/2018\/07\/PEP-TRIFOLIO.png\" alt=\"TRIFOLIO PEP 2012\" width=\"693\" height=\"519\" border=\"0\" \/><img decoding=\"async\" loading=\"lazy\" title=\"TRIFOLIO PEP 2012\" src=\"https:\/\/ifdc10-juj.infd.edu.ar\/sitio\/wp-content\/uploads\/2018\/07\/PEP-TRIFOLIO-1.png\" alt=\"TRIFOLIO PEP 2012\" width=\"690\" height=\"516\" border=\"0\" \/><\/span><\/span><\/span><\/td>\n<\/tr>\n<tr style=\"height: 17px;\">\n<td style=\"text-align: center; height: 17px;\"><\/td>\n<td style=\"height: 17px;\"><span style=\"font-family: arial black,avant garde; font-size: 10pt;\"><span style=\"color: #333333;\">\u00a0<\/span><\/span><\/td>\n<\/tr>\n<\/tbody>\n<tbody>\n<tr>\n<td style=\"text-align: left;\">\n<ul>\n<li>\n<address><span style=\"font-size: 12pt; color: #ff0000;\"><strong><a title=\"PRE INSCRIBIRSE A 2013\" href=\"https:\/\/docs.google.com\/spreadsheet\/viewform?formkey=dDFsN2pxeHdtS2xmUDRVbDgwV0JVYXc6MQ#gid=0\" target=\"_blank\" rel=\"noopener\">FORMULARIO PARA INSCRIBIRSE AL IES N\u00ba10 PARA EL A\u00d1O LECTIVO 2015.<\/a><\/strong><\/span><\/address>\n<\/li>\n<\/ul>\n<ul>\n<li>\n<address><span style=\"font-size: 12pt; color: #ff0000;\"><strong><a title=\"MESAS DE DICIEMBRE DE 2012\" href=\"https:\/\/docs.google.com\/spreadsheet\/viewform?formkey=dGRXbjZDZUgzWlJSUndhRjJJMWJMekE6MQ#gid=0\" target=\"_blank\" rel=\"noopener\">FORMULARIO PARA INSCRIBIRSE EN MESAS DE\u00a0 2015<br \/>\n<\/a><\/strong><\/span><\/address>\n<\/li>\n<li>\n<address><span style=\"font-size: 12pt; color: #ff0000;\"><strong><a title=\"INSCRIPCI\u00d3N PARA EX\u00c1MENES DE DICIEMBRE 2012\" href=\"index.cgi?wid_seccion=33\" target=\"_blank\" rel=\"noopener\">CALENDARIO DE EX\u00c1MENES DE 2015<\/a><\/strong><\/span><\/address>\n<\/li>\n<\/ul>\n<ul>\n<li style=\"text-align: left;\">\n<address><span style=\"font-size: 12pt; color: #ff0000;\"><strong><span style=\"font-size: 10pt;\"><span style=\"color: #000000;\"><a title=\"INGRESO 2012. CARTILLAS\" href=\"index.cgi?wid_item=76&amp;wid_seccion=32\" target=\"_blank\" rel=\"noopener\"><strong><span style=\"font-size: 12pt;\">INGRESO. HORARIOS.CARTILLAS DE INGRESO 2015<\/span><\/strong><\/a><\/span><\/span><\/strong><\/span><\/address>\n<\/li>\n<li style=\"text-align: left;\"><span style=\"font-size: 12pt; color: #ff0000;\"><span style=\"font-size: 10pt;\"><span style=\"color: #000000;\"><span style=\"font-size: 12pt;\"><a title=\"formulario tic 2013\" href=\"https:\/\/docs.google.com\/spreadsheet\/viewform?formkey=dDZ6aTFMd2Z4dExOZzVOeUd1TkhfTVE6MQ#gid=0\" target=\"_blank\" rel=\"noopener\"><strong>FORMULARIO PARA INSCRIBIRSE ON LINE A \u00abTIC 2015\u00bb<\/strong><\/a><br \/>\n<\/span><\/span><\/span><\/span><\/li>\n<\/ul>\n<address><span style=\"font-size: 12pt; color: #ff0000;\"><strong><img decoding=\"async\" loading=\"lazy\" style=\"vertical-align: middle; border: 0;\" src=\"http:\/\/www.soloimagen.net\/imagenes-animadas\/Lineas\/Barra%20animada%20azul.gif\" alt=\"LINEA ANIMADA\" width=\"650\" height=\"10\" border=\"0\" \/><\/strong><\/span><\/address>\n<\/td>\n<\/tr>\n<tr>\n<td>\n<p style=\"text-align: center;\"><span style=\"font-size: 12pt;\"><span style=\"color: #000000;\">Para conocer los programas de estudios de las distintas unidades curriculares de la carrera<\/span><span style=\"color: #000000;\"> para el a\u00f1o 2015 linkear esta direcci\u00f3n:<\/span><\/span><\/p>\n<p style=\"text-align: center;\"><span style=\"font-size: 10pt;\"><span style=\"color: #000000;\"><a title=\"AULA VIRTUAL DE LA CARRERA PEP.\" href=\"https:\/\/ifdc10-juj.infd.edu.ar\/aula\/index.cgi?id_curso=22\" target=\"_blank\" rel=\"noopener\"><span style=\"font-size: 12pt;\">AULA VIRTUAL<\/span> DE LA CARRERA DE PROF. PARA LA ENSE\u00d1ANZA PRIMARIA &gt;Secci\u00f3n Archivos. Material de trabajo.<\/a><\/span><\/span><\/p>\n<\/td>\n<\/tr>\n<\/tbody>\n<tbody>\n<tr>\n<td>\n<p style=\"text-align: center;\"><span style=\"font-family: arial,helvetica,sans-serif; font-size: 14pt;\"><span style=\"color: #000000;\">Para los alumnos y docentes de esta carrera son muy importantes los <\/span><a title=\"ACUERDOS PARA PEP E INICIAL\" href=\"upload\/Acuerdos_delc_ampo_de_la_practica_2011.doc\" target=\"_blank\" rel=\"noopener\"><span style=\"color: #0000ff;\"><strong>ACUERDOS PARA EL CAMPO DE LA PR\u00c1CTICA<\/strong><\/span><\/a><span style=\"color: #000000;\"> que fueran establecidos para el a\u00f1o 2011<\/span><\/span><\/p>\n<\/td>\n<\/tr>\n<\/tbody>\n<tbody>\n<tr>\n<td><a title=\"JORANDA DE INVESTIG. 2012\" href=\"https:\/\/www.dropbox.com\/sh\/ba33mwev2pu9ft9\/KCUU4ROARa?m\" target=\"_blank\" rel=\"noopener\"><img decoding=\"async\" loading=\"lazy\" style=\"vertical-align: middle; display: block; margin-left: auto; margin-right: auto;\" src=\"https:\/\/ifdc10-juj.infd.edu.ar\/sitio\/wp-content\/uploads\/2018\/07\/Nueva_imagen_61.jpg\" alt=\"JORNADAS DE INVESTIGACI\u00d3N. AFICHE\" width=\"348\" height=\"256\" border=\"0\" \/><\/a><\/td>\n<td><a title=\"EXPOCONTABLE 2012\" href=\"https:\/\/www.dropbox.com\/sh\/6dr9lv35l7it4jm\/c8hIuQfKku?m\" target=\"_blank\" rel=\"noopener\"><img decoding=\"async\" loading=\"lazy\" style=\"vertical-align: middle;\" src=\"https:\/\/ifdc10-juj.infd.edu.ar\/sitio\/wp-content\/uploads\/2018\/07\/Diapositiva1.png\" alt=\"EXPOCONTABLE 2012\" width=\"314\" height=\"234\" border=\"0\" \/><\/a><\/td>\n<\/tr>\n<\/tbody>\n<\/table>\n<p><strong><img decoding=\"async\" loading=\"lazy\" src=\"http:\/\/www.soloimagen.net\/imagenes-animadas\/Lineas\/Barra%20animada%20azul.gif\" alt=\"LINEA ANIMADA\" width=\"650\" height=\"10\" border=\"0\" \/><\/strong>\u00a0<a title=\"CARRERAS\" href=\"index.cgi?wid_seccion=18\"><strong>VOLVER A CARRERAS . <\/strong><\/a><a title=\"Home\" href=\"index.cgi\"><strong>VOLVER AL INICIO<\/strong><\/a><\/p>\n","protected":false},"excerpt":{"rendered":"<p>ESTA CARRERA NO INSCRIBRE PARA NING\u00daN INGRESO PRE INSCRIPCI\u00d3N INGRESO 2017. FORMULARIO CARTILLAS DE INGRESO 2017 (ANTERIOR A 2017) REQUISITOS PARA MATRICULARSE EN PRIMER A\u00d1O 2015 INGRESO 2016: CRONOGRAMA \/\/ CARTILLA 2016 (INGRESANTES 2015. LISTADO.) (INGRESANTES 2015 : FORMULARIO PARA LA MATRICULACI\u00d3N DEFINITIVA.) HORARIO DE CLASES A\u00d1O 2015) \u00a0PROPUESTA EDUCATIVA DEL IES N\u00ba10 PROFESORADO PARA &#8230; <a title=\"PROF. PARA LA ENSE\u00d1ANZA PRIMARIA. No inscribe para NING\u00daN INGRESO\" class=\"read-more\" href=\"https:\/\/ifdc10-juj.infd.edu.ar\/sitio\/prof-para-la-ensenanza-primaria\/\" aria-label=\"More on PROF. PARA LA ENSE\u00d1ANZA PRIMARIA. No inscribe para NING\u00daN INGRESO\">[+]<\/a><\/p>\n","protected":false},"author":775,"featured_media":0,"parent":0,"menu_order":0,"comment_status":"closed","ping_status":"closed","template":"","meta":[],"acf":[],"_links":{"self":[{"href":"https:\/\/ifdc10-juj.infd.edu.ar\/sitio\/wp-json\/wp\/v2\/pages\/2220"}],"collection":[{"href":"https:\/\/ifdc10-juj.infd.edu.ar\/sitio\/wp-json\/wp\/v2\/pages"}],"about":[{"href":"https:\/\/ifdc10-juj.infd.edu.ar\/sitio\/wp-json\/wp\/v2\/types\/page"}],"author":[{"embeddable":true,"href":"https:\/\/ifdc10-juj.infd.edu.ar\/sitio\/wp-json\/wp\/v2\/users\/775"}],"replies":[{"embeddable":true,"href":"https:\/\/ifdc10-juj.infd.edu.ar\/sitio\/wp-json\/wp\/v2\/comments?post=2220"}],"version-history":[{"count":3,"href":"https:\/\/ifdc10-juj.infd.edu.ar\/sitio\/wp-json\/wp\/v2\/pages\/2220\/revisions"}],"predecessor-version":[{"id":6209,"href":"https:\/\/ifdc10-juj.infd.edu.ar\/sitio\/wp-json\/wp\/v2\/pages\/2220\/revisions\/6209"}],"wp:attachment":[{"href":"https:\/\/ifdc10-juj.infd.edu.ar\/sitio\/wp-json\/wp\/v2\/media?parent=2220"}],"curies":[{"name":"wp","href":"https:\/\/api.w.org\/{rel}","templated":true}]}}