{"id":2190,"date":"2018-07-02T21:14:38","date_gmt":"2018-07-03T00:14:38","guid":{"rendered":"https:\/\/ifdc10-juj.infd.edu.ar\/sitio\/consejo-directivo-2016-2022\/"},"modified":"2023-05-24T20:42:19","modified_gmt":"2023-05-24T23:42:19","slug":"consejo-directivo-2016-2022","status":"publish","type":"page","link":"https:\/\/ifdc10-juj.infd.edu.ar\/sitio\/consejo-directivo-2016-2022\/","title":{"rendered":"ELECCIONES 2022-2026"},"content":{"rendered":"<h5>RESOLUCIONES JUNTA ELECTORAL ELECCIONES 2023-VICE RECTORIA<br \/><a href=\"https:\/\/drive.google.com\/drive\/folders\/1RMXLbxsN9i3Gy7Ugb8bFgJ6QS6ELE2dt?usp=sharing\" target=\"_blank\" rel=\"noopener\">RESOLUCI\u00d3N 01<\/a><br \/><a style=\"font-size: 16px;\" href=\"https:\/\/drive.google.com\/drive\/folders\/1Djscv8-9P1FSxcJqqcFdd1NTND3BCgwu?usp=share_link\" target=\"_blank\" rel=\"noopener\">RESOLUCI\u00d3N 02<\/a><br \/><a href=\"https:\/\/drive.google.com\/drive\/folders\/1PTCJOj4EzXHfp20MJaVcjqElhDA1oGbF?usp=share_link\" target=\"_blank\" rel=\"noopener\">RESOLUCI\u00d3N 03<\/a><br \/><a href=\"https:\/\/drive.google.com\/file\/d\/1sGZqk3A1t7cXBEimKaMpKkO9ptXXxvDl\/view?usp=share_link\" target=\"_blank\" rel=\"noopener\">RESOLUCI\u00d3N 04<\/a><br \/><a href=\"https:\/\/drive.google.com\/file\/d\/1UUHTM2YT5Rjx0RNej-G6OsmPmaKVVElF\/view?usp=sharing\" target=\"_blank\" rel=\"noopener\">RESOLUCI\u00d3N 05<\/a><\/h5>\n<h5><a href=\"https:\/\/drive.google.com\/drive\/folders\/1_H5DOntT-aiLEmyeGsAIP1kFMh-8ARma?usp=share_link\" target=\"_blank\" rel=\"noopener\">Padrones definitivos<\/a>, elecci\u00f3n Vice rector-12 de Mayo 2023.<\/h5>\n<p>CRONOGRAMA ELECCI\u00d3N VICE RECTOR. 2023-<\/p>\n<p><img decoding=\"async\" loading=\"lazy\" class=\"aligncenter wp-image-10210 size-thumbnail\" src=\"https:\/\/ifdc10-juj.infd.edu.ar\/sitio\/wp-content\/uploads\/2023\/04\/nota-elecciones-500x500.jpeg\" alt=\"\" width=\"500\" height=\"500\" \/><\/p>\n<h4><strong>RESULTADOS OFICIALES:<\/strong><\/h4>\n<h4><strong><a href=\"https:\/\/ifdc10-juj.infd.edu.ar\/sitio\/wp-content\/uploads\/2022\/05\/Elecciones-IES-10.pdf\">Elecciones IES 10<\/a><\/strong><\/h4>\n<h5>ASUNCI\u00d3N DE NUEVAS AUTORIDADES!<\/h5>\n<h5>En sede Normal, a las 20 hs del d\u00eda 30 de Mayo 2022, se llevo a cabo el Acto de Asunci\u00f3n de nuevas autoridades, en un clima ameno y con el agasajo por parte de alumnos y docentes de la Tec. de Cocina Regional, el encuentro tuvo un tinte distendido y cordial.<\/h5>\n<div  class=\"lgc-column lgc-grid-parent lgc-grid-50 lgc-tablet-grid-50 lgc-mobile-grid-100 lgc-equal-heights \"><div  class=\"inside-grid-column\"><div id=\"metaslider-id-9238\" style=\"max-width: 600px; margin: 0 auto;\" class=\"ml-slider-3-33-0 metaslider metaslider-coin metaslider-9238 ml-slider ms-theme-default\" role=\"region\" aria-roledescription=\"Slideshow\" aria-label=\"Slideshow\">\n    <div id=\"metaslider_container_9238\">\n        <div id='metaslider_9238' class='coin-slider'>\n<a href=\"javascript:void(0)\" target=\"_self\"><img src=\"https:\/\/ifdc10-juj.infd.edu.ar\/sitio\/wp-content\/uploads\/2022\/05\/WhatsApp-Image-2022-05-31-at-10.19.01-AM-600x350.jpeg\" height=\"350\" width=\"600\" alt=\"\" class=\"slider-9238 slide-9250\" title=\"WhatsApp Image 2022-05-31 at 10.19.01 AM\" style=\"display: none;\" \/><\/a>\n<a href=\"javascript:void(0)\" target=\"_self\"><img src=\"https:\/\/ifdc10-juj.infd.edu.ar\/sitio\/wp-content\/uploads\/2022\/05\/WhatsApp-Image-2022-05-31-at-10.19.02-AM-600x350.jpeg\" height=\"350\" width=\"600\" alt=\"\" class=\"slider-9238 slide-9249\" title=\"WhatsApp Image 2022-05-31 at 10.19.02 AM\" style=\"display: none;\" \/><\/a>\n<a href=\"javascript:void(0)\" target=\"_self\"><img src=\"https:\/\/ifdc10-juj.infd.edu.ar\/sitio\/wp-content\/uploads\/2022\/05\/WhatsApp-Image-2022-05-31-at-10.19.03-AM-1-600x350.jpeg\" height=\"350\" width=\"600\" alt=\"\" class=\"slider-9238 slide-9246\" title=\"WhatsApp Image 2022-05-31 at 10.19.03 AM (1)\" style=\"display: none;\" \/><\/a>\n<a href=\"javascript:void(0)\" target=\"_self\"><img src=\"https:\/\/ifdc10-juj.infd.edu.ar\/sitio\/wp-content\/uploads\/2022\/05\/WhatsApp-Image-2022-05-31-at-10.19.02-AM-1-600x350.jpeg\" height=\"350\" width=\"600\" alt=\"\" class=\"slider-9238 slide-9248\" title=\"WhatsApp Image 2022-05-31 at 10.19.02 AM (1)\" style=\"display: none;\" \/><\/a>\n<a href=\"javascript:void(0)\" target=\"_self\"><img src=\"https:\/\/ifdc10-juj.infd.edu.ar\/sitio\/wp-content\/uploads\/2022\/05\/WhatsApp-Image-2022-05-31-at-10.18.59-AM-1-600x350.jpeg\" height=\"350\" width=\"600\" alt=\"\" class=\"slider-9238 slide-9251\" title=\"WhatsApp Image 2022-05-31 at 10.18.59 AM (1)\" style=\"display: none;\" \/><\/a>\n<a href=\"javascript:void(0)\" target=\"_self\"><img src=\"https:\/\/ifdc10-juj.infd.edu.ar\/sitio\/wp-content\/uploads\/2022\/05\/WhatsApp-Image-2022-05-31-at-10.18.59-AM-600x350.jpeg\" height=\"350\" width=\"600\" alt=\"\" class=\"slider-9238 slide-9252\" title=\"WhatsApp Image 2022-05-31 at 10.18.59 AM\" style=\"display: none;\" \/><\/a>\n<a href=\"javascript:void(0)\" target=\"_self\"><img src=\"https:\/\/ifdc10-juj.infd.edu.ar\/sitio\/wp-content\/uploads\/2022\/05\/WhatsApp-Image-2022-05-31-at-10.19.03-AM-600x350.jpeg\" height=\"350\" width=\"600\" alt=\"\" class=\"slider-9238 slide-9247\" title=\"WhatsApp Image 2022-05-31 at 10.19.03 AM\" style=\"display: none;\" \/><\/a>\n        <\/div>\n        \n    <\/div>\n<\/div><!--?php echo do_shortcode('&#091;metaslider id=\"9238\"&#093;'); ?--><\/div><\/div><div  class=\"lgc-column lgc-grid-parent lgc-grid-50 lgc-tablet-grid-50 lgc-mobile-grid-100 lgc-equal-heights \"><div  class=\"inside-grid-column\"><div id=\"metaslider-id-9259\" style=\"max-width: 600px; margin: 0 auto;\" class=\"ml-slider-3-33-0 metaslider metaslider-coin metaslider-9259 ml-slider ms-theme-default\" role=\"region\" aria-roledescription=\"Slideshow\" aria-label=\"Slideshow\">\n    <div id=\"metaslider_container_9259\">\n        <div id='metaslider_9259' class='coin-slider'>\n<a href=\"javascript:void(0)\" target=\"_self\"><img src=\"https:\/\/ifdc10-juj.infd.edu.ar\/sitio\/wp-content\/uploads\/2022\/05\/WhatsApp-Image-2022-05-31-at-10.18.48-AM-600x350.jpeg\" height=\"350\" width=\"600\" alt=\"\" class=\"slider-9259 slide-9269\" title=\"WhatsApp Image 2022-05-31 at 10.18.48 AM\" style=\"display: none;\" \/><\/a>\n<a href=\"javascript:void(0)\" target=\"_self\"><img src=\"https:\/\/ifdc10-juj.infd.edu.ar\/sitio\/wp-content\/uploads\/2022\/05\/WhatsApp-Image-2022-05-31-at-10.18.58-AM-1-600x350.jpeg\" height=\"350\" width=\"600\" alt=\"\" class=\"slider-9259 slide-9266\" title=\"WhatsApp Image 2022-05-31 at 10.18.58 AM (1)\" style=\"display: none;\" \/><\/a>\n<a href=\"javascript:void(0)\" target=\"_self\"><img src=\"https:\/\/ifdc10-juj.infd.edu.ar\/sitio\/wp-content\/uploads\/2022\/05\/WhatsApp-Image-2022-05-31-at-10.18.58-AM-600x350.jpeg\" height=\"350\" width=\"600\" alt=\"\" class=\"slider-9259 slide-9267\" title=\"WhatsApp Image 2022-05-31 at 10.18.58 AM\" style=\"display: none;\" \/><\/a>\n<a href=\"javascript:void(0)\" target=\"_self\"><img src=\"https:\/\/ifdc10-juj.infd.edu.ar\/sitio\/wp-content\/uploads\/2022\/05\/WhatsApp-Image-2022-05-31-at-10.18.58-AM-2-600x350.jpeg\" height=\"350\" width=\"600\" alt=\"\" class=\"slider-9259 slide-9265\" title=\"WhatsApp Image 2022-05-31 at 10.18.58 AM (2)\" style=\"display: none;\" \/><\/a>\n<a href=\"javascript:void(0)\" target=\"_self\"><img src=\"https:\/\/ifdc10-juj.infd.edu.ar\/sitio\/wp-content\/uploads\/2022\/05\/WhatsApp-Image-2022-05-31-at-10.18.57-AM-600x350.jpeg\" height=\"350\" width=\"600\" alt=\"\" class=\"slider-9259 slide-9268\" title=\"WhatsApp Image 2022-05-31 at 10.18.57 AM\" style=\"display: none;\" \/><\/a>\n        <\/div>\n        \n    <\/div>\n<\/div><\/div><\/div>\n<p>&nbsp;<\/p>\n<h5>Lectura Resoluci\u00f3n de Asunci\u00f3n nuevas autoridades, realizada por la dra. Nelly Jarma<\/h5>\n<div id=\"metaslider-id-9283\" style=\"max-width: 600px; margin: 0 auto;\" class=\"ml-slider-3-33-0 metaslider metaslider-coin metaslider-9283 ml-slider ms-theme-default\" role=\"region\" aria-roledescription=\"Slideshow\" aria-label=\"Slideshow\">\n    <div id=\"metaslider_container_9283\">\n        <div id='metaslider_9283' class='coin-slider'>\n<a href=\"javascript:void(0)\" target=\"_self\"><img src=\"https:\/\/ifdc10-juj.infd.edu.ar\/sitio\/wp-content\/uploads\/2022\/06\/WhatsApp-Image-2022-05-31-at-7.13.10-PM-600x350.jpeg\" height=\"350\" width=\"600\" alt=\"\" class=\"slider-9283 slide-9285\" title=\"WhatsApp Image 2022-05-31 at 7.13.10 PM\" style=\"display: none;\" \/><\/a>\n<a href=\"javascript:void(0)\" target=\"_self\"><img src=\"https:\/\/ifdc10-juj.infd.edu.ar\/sitio\/wp-content\/uploads\/2022\/06\/WhatsApp-Image-2022-05-31-at-7.12.49-PM-600x350.jpeg\" height=\"350\" width=\"600\" alt=\"\" class=\"slider-9283 slide-9284\" title=\"WhatsApp Image 2022-05-31 at 7.12.49 PM\" style=\"display: none;\" \/><\/a>\n        <\/div>\n        \n    <\/div>\n<\/div>\n<p>COLABORACIONES:<\/p>\n<p>Ornamentaci\u00f3n: Prof. Maria Elena Elizando\u00a0<\/p>\n<p>Agasajo: Tec. Cocina Regional<\/p>\n<div id=\"metaslider-id-9288\" style=\"max-width: 600px; margin: 0 auto;\" class=\"ml-slider-3-33-0 metaslider metaslider-coin metaslider-9288 ml-slider ms-theme-default\" role=\"region\" aria-roledescription=\"Slideshow\" aria-label=\"Slideshow\">\n    <div id=\"metaslider_container_9288\">\n        <div id='metaslider_9288' class='coin-slider'>\n<a href=\"javascript:void(0)\" target=\"_self\"><img src=\"https:\/\/ifdc10-juj.infd.edu.ar\/sitio\/wp-content\/uploads\/2022\/06\/WhatsApp-Image-2022-05-31-at-7.15.03-PM-600x350.jpeg\" height=\"350\" width=\"600\" alt=\"\" class=\"slider-9288 slide-9289\" title=\"WhatsApp Image 2022-05-31 at 7.15.03 PM\" style=\"display: none;\" \/><\/a>\n<a href=\"javascript:void(0)\" target=\"_self\"><img src=\"https:\/\/ifdc10-juj.infd.edu.ar\/sitio\/wp-content\/uploads\/2022\/06\/WhatsApp-Image-2022-05-31-at-7.46.49-PM-600x350.jpeg\" height=\"350\" width=\"600\" alt=\"\" class=\"slider-9288 slide-9290\" title=\"WhatsApp Image 2022-05-31 at 7.46.49 PM\" style=\"display: none;\" \/><\/a>\n        <\/div>\n        \n    <\/div>\n<\/div>\n","protected":false},"excerpt":{"rendered":"<p>RESOLUCIONES JUNTA ELECTORAL ELECCIONES 2023-VICE RECTORIARESOLUCI\u00d3N 01RESOLUCI\u00d3N 02RESOLUCI\u00d3N 03RESOLUCI\u00d3N 04RESOLUCI\u00d3N 05 Padrones definitivos, elecci\u00f3n Vice rector-12 de Mayo 2023. CRONOGRAMA ELECCI\u00d3N VICE RECTOR. 2023- RESULTADOS OFICIALES: Elecciones IES 10 ASUNCI\u00d3N DE NUEVAS AUTORIDADES! En sede Normal, a las 20 hs del d\u00eda 30 de Mayo 2022, se llevo a cabo el Acto de Asunci\u00f3n de &#8230; <a title=\"ELECCIONES 2022-2026\" class=\"read-more\" href=\"https:\/\/ifdc10-juj.infd.edu.ar\/sitio\/consejo-directivo-2016-2022\/\" aria-label=\"More on ELECCIONES 2022-2026\">[+]<\/a><\/p>\n","protected":false},"author":775,"featured_media":0,"parent":0,"menu_order":0,"comment_status":"closed","ping_status":"closed","template":"","meta":[],"acf":[],"_links":{"self":[{"href":"https:\/\/ifdc10-juj.infd.edu.ar\/sitio\/wp-json\/wp\/v2\/pages\/2190"}],"collection":[{"href":"https:\/\/ifdc10-juj.infd.edu.ar\/sitio\/wp-json\/wp\/v2\/pages"}],"about":[{"href":"https:\/\/ifdc10-juj.infd.edu.ar\/sitio\/wp-json\/wp\/v2\/types\/page"}],"author":[{"embeddable":true,"href":"https:\/\/ifdc10-juj.infd.edu.ar\/sitio\/wp-json\/wp\/v2\/users\/775"}],"replies":[{"embeddable":true,"href":"https:\/\/ifdc10-juj.infd.edu.ar\/sitio\/wp-json\/wp\/v2\/comments?post=2190"}],"version-history":[{"count":44,"href":"https:\/\/ifdc10-juj.infd.edu.ar\/sitio\/wp-json\/wp\/v2\/pages\/2190\/revisions"}],"predecessor-version":[{"id":10287,"href":"https:\/\/ifdc10-juj.infd.edu.ar\/sitio\/wp-json\/wp\/v2\/pages\/2190\/revisions\/10287"}],"wp:attachment":[{"href":"https:\/\/ifdc10-juj.infd.edu.ar\/sitio\/wp-json\/wp\/v2\/media?parent=2190"}],"curies":[{"name":"wp","href":"https:\/\/api.w.org\/{rel}","templated":true}]}}