{"id":2179,"date":"2018-07-02T21:14:33","date_gmt":"2018-07-03T00:14:33","guid":{"rendered":"https:\/\/ifdc10-juj.infd.edu.ar\/sitio\/tramites-administrativos\/"},"modified":"2020-08-20T13:46:18","modified_gmt":"2020-08-20T16:46:18","slug":"tramites-administrativos","status":"publish","type":"page","link":"https:\/\/ifdc10-juj.infd.edu.ar\/sitio\/tramites-administrativos\/","title":{"rendered":"TR\u00c1MITES ADMINISTRATIVOS"},"content":{"rendered":"<p style=\"text-align: center;\"><span style=\"font-size: 14pt; font-family: tahoma,arial,helvetica,sans-serif; color: #800000;\"><img decoding=\"async\" loading=\"lazy\" style=\"float: left;\" src=\"http:\/\/t1.gstatic.com\/images?q=tbn:ANd9GcRzycR5Y_9QKlWaXccUcAU3gDuHqajVKSzZmbxszk-UkVWTzGaQ1Q\" alt=\"ADMINISTRACI\u00d3N\" width=\"360\" height=\"196\" border=\"0\" \/><strong>ALGUNOS TR\u00c1MITES QUE POD\u00c9S HACER DESDE NUESTRO SITIO<\/strong><\/span><\/p>\n<p style=\"text-align: center;\"><span style=\"font-size: 14pt; font-family: tahoma,arial,helvetica,sans-serif; color: #800000;\"><strong>\u00a0<\/strong><\/span><\/p>\n<p style=\"text-align: justify;\"><span style=\"font-size: 14pt;\"><strong>Te ofrecemos una gu\u00eda\u00a0 de tr\u00e1mites. Con s\u00f3lo clikear la flecha acceder\u00e1s al tr\u00e1mite correspondiente. Gracias por utilizar nuestro contacto.<br \/>\n<\/strong><\/span><\/p>\n<p><span style=\"color: #800000;\"><strong><span style=\"font-family: georgia,palatino; font-size: 12pt;\">\u00a0<\/span><\/strong><\/span><strong> <a title=\"Home\" href=\"index.cgi\" target=\"_blank\" rel=\"noopener\">VOLVER AL INICIO<\/a><\/strong><\/p>\n<table style=\"background-color: #cccc99; border: 3px solid #999966; width: 700px;\" border=\"3\" align=\"center\">\n<tbody>\n<tr>\n<td style=\"text-align: center;\"><span style=\"font-family: georgia,palatino; color: #800000; font-size: 12pt;\"><strong>1<\/strong><\/span><\/td>\n<td style=\"padding-left: 30px;\"><a title=\"CONTACTO ADM\" href=\"https:\/\/docs.google.com\/forms\/d\/e\/1FAIpQLScWE_bWRkd0050VaV_mof0C7NVOXxOmG0wR0JberOLlfDEIZQ\/viewform\" target=\"_blank\" rel=\"noopener\"><span style=\"font-family: georgia,palatino; color: #800000; font-size: 12pt;\"><strong>CONTACTO CON EL ADMINISTRADOR DEL CAMPUS<\/strong><\/span><br \/>\n<\/a><\/td>\n<td style=\"text-align: center;\"><a title=\"CONTACTO ADM\" href=\"https:\/\/docs.google.com\/forms\/d\/e\/1FAIpQLScWE_bWRkd0050VaV_mof0C7NVOXxOmG0wR0JberOLlfDEIZQ\/viewform\" target=\"_blank\" rel=\"noopener\"><img decoding=\"async\" loading=\"lazy\" src=\"http:\/\/www.gifandgif.es\/gifs_animados\/Flechas\/Gifs%20ANimados%20Flechas%20%28135%29.gif\" alt=\"FLECHA INDICADORA\" width=\"36\" height=\"25\" border=\"0\" \/><\/a><\/td>\n<\/tr>\n<tr>\n<td style=\"text-align: center;\"><span style=\"font-family: georgia,palatino; color: #800000; font-size: 12pt;\"><strong>2<\/strong><\/span><\/td>\n<td style=\"padding-left: 30px;\">\n<table style=\"background-color: #cccc99; border: 3px solid #999966; width: 700px;\" border=\"3\" align=\"center\">\n<tbody>\n<tr>\n<td><\/td>\n<\/tr>\n<\/tbody>\n<\/table>\n<p><span style=\"font-family: georgia,palatino; color: #800000; font-size: 12pt;\"><strong>REQUISITOS PARA\u00a0 INGRESAR A LA INSTITUCI\u00d3N<\/strong><\/span><\/td>\n<td><a title=\"Requisitos para el Ingreso\" href=\"index.cgi?wid_item=62&amp;wid_seccion=32\" target=\"_blank\" rel=\"noopener\"><img decoding=\"async\" loading=\"lazy\" style=\"display: block; margin-left: auto; margin-right: auto;\" src=\"http:\/\/www.gifandgif.es\/gifs_animados\/Flechas\/Gifs%20ANimados%20Flechas%20%28135%29.gif\" alt=\"FLECHA INDICADORA\" width=\"36\" height=\"25\" border=\"0\" \/><\/a><\/td>\n<\/tr>\n<tr>\n<td style=\"text-align: center;\"><span style=\"font-size: 12pt;\"><strong><span style=\"font-family: georgia,palatino;\"><span style=\"color: #800000;\">3<\/span><\/span><\/strong><\/span><\/td>\n<td style=\"padding-left: 30px;\"><span style=\"font-size: 12pt;\"><strong><span style=\"font-family: georgia,palatino;\"><span style=\"color: #800000;\">FICHA DE PRE INCRIPCI\u00d3N PARA ingresar AL INSTITUTO<\/span><\/span><\/strong><\/span><\/td>\n<td><img decoding=\"async\" loading=\"lazy\" class=\"alignnone\" style=\"display: block; margin-left: auto; margin-right: auto;\" src=\"http:\/\/www.gifandgif.es\/gifs_animados\/Flechas\/Gifs%20ANimados%20Flechas%20%28135%29.gif\" alt=\"FLECHA INDICADORA\" width=\"36\" height=\"25\" border=\"0\" \/><\/td>\n<\/tr>\n<tr>\n<td style=\"text-align: center;\"><span style=\"font-family: georgia,palatino; color: #800000;\"><strong><span style=\"font-size: 12pt;\">4<\/span><\/strong><\/span><\/td>\n<td style=\"padding-left: 30px;\">\u00a0<span style=\"font-family: georgia,palatino; color: #800000; font-size: 12pt;\"><strong>SOLICITUD DE CLAVE DE INGRESO AL CAMPUS<\/strong><\/span><\/td>\n<td><a title=\"USUARIO Y CLAVE\" href=\"https:\/\/docs.google.com\/forms\/d\/1eZdJDTU_XtmARI54dOGiLWhU5J2qxipRShrjAuNDj4w\/viewform\" target=\"_blank\" rel=\"noopener\"><img decoding=\"async\" loading=\"lazy\" src=\"http:\/\/www.gifandgif.es\/gifs_animados\/Flechas\/Gifs%20ANimados%20Flechas%20%28135%29.gif\" alt=\"FLECHA INDICADORA\" width=\"36\" height=\"25\" border=\"0\" \/><\/a><\/td>\n<\/tr>\n<tr>\n<td style=\"text-align: center;\"><span style=\"font-family: georgia,palatino; color: #800000;\"><strong><span style=\"font-size: 12pt;\">5<\/span><\/strong><\/span><\/td>\n<td style=\"padding-left: 30px;\"><a title=\"examenes\" href=\"https:\/\/docs.google.com\/forms\/d\/e\/1FAIpQLScS71y2xPxqjqzmFDFyxDhaIqTE3sB87xD1zalD80IitR2j-A\/closedform\" target=\"_blank\" rel=\"noopener\"><span style=\"color: #800000;\"><strong><span style=\"font-family: georgia,palatino; font-size: 12pt;\">INSCRIPCIONES A MESAS DE EX\u00c1MENES ORDINARIAS Y EXTRAORDINARIAS<\/span><\/strong><\/span><\/a><\/td>\n<td><img decoding=\"async\" loading=\"lazy\" style=\"display: block; margin-left: auto; margin-right: auto;\" src=\"http:\/\/www.gifandgif.es\/gifs_animados\/Flechas\/Gifs%20ANimados%20Flechas%20%28135%29.gif\" alt=\"FLECHA INDICADORA\" width=\"36\" height=\"25\" border=\"0\" \/><\/td>\n<\/tr>\n<tr>\n<td style=\"text-align: center;\"><span style=\"font-family: georgia,palatino; font-size: 12pt;\"><span style=\"color: #800000;\"><strong>6 <\/strong><\/span><\/span><\/td>\n<td style=\"padding-left: 30px;\"><span style=\"color: #800000;\">\u00a0<\/span><span style=\"color: #800000;\"><strong><span style=\"font-family: georgia,palatino; font-size: 12pt;\">ADSCRIPCIONES A C\u00c1TEDRAS (para la profesionalizaci\u00f3n de los\u00a0 egresados) <\/span><\/strong><\/span><\/td>\n<td><a title=\"P\u00c1GINA DE LOS GRADUADOS\" href=\"index.cgi?wid_seccion=40\" target=\"_blank\" rel=\"noopener\"><img decoding=\"async\" loading=\"lazy\" style=\"display: block; margin-left: auto; margin-right: auto;\" src=\"http:\/\/www.gifandgif.es\/gifs_animados\/Flechas\/Gifs%20ANimados%20Flechas%20%28135%29.gif\" alt=\"FLECHA INDICADORA\" width=\"36\" height=\"25\" border=\"0\" \/><\/a><\/td>\n<\/tr>\n<tr>\n<td style=\"text-align: center;\"><span style=\"color: #800000; font-size: 12pt; font-family: georgia,palatino;\"><strong>7<\/strong><\/span><\/td>\n<td style=\"padding-left: 30px;\"><span style=\"color: #800000;\"><strong><span style=\"font-family: georgia,palatino; font-size: 12pt;\">INSCRIPCI\u00d3N A DEPARTAMENTOS (para docentes del Instituto y graduados)<\/span><\/strong><\/span><\/td>\n<td><a title=\"departamentos\" href=\"https:\/\/docs.google.com\/spreadsheet\/viewform?formkey=dENNRlZxVG4ydHFWUXFCQkg0UUVKdGc6MQ#gid=0\" target=\"_blank\" rel=\"noopener\"><img decoding=\"async\" loading=\"lazy\" src=\"http:\/\/www.gifandgif.es\/gifs_animados\/Flechas\/Gifs%20ANimados%20Flechas%20%28135%29.gif\" alt=\"FLECHA INDICADORA\" width=\"36\" height=\"25\" border=\"0\" \/><\/a><\/td>\n<\/tr>\n<tr>\n<td style=\"text-align: center;\"><\/td>\n<td style=\"padding-left: 30px;\"><\/td>\n<td><\/td>\n<\/tr>\n<tr>\n<td style=\"text-align: center;\"><span style=\"color: #800000; font-size: 12pt; font-family: georgia,palatino;\"><strong>9<\/strong><\/span><\/td>\n<td style=\"padding-left: 30px;\"><span style=\"color: #800000;\"><strong><span style=\"font-family: georgia,palatino; font-size: 12pt;\">HOMOLOGACI\u00d3N DE ASIGNATURAS (Pedido de equivalencias)<\/span><\/strong><\/span><\/td>\n<td><a title=\"SOLICITUD DE EQUIVALENCIAS\" href=\"https:\/\/dl.dropbox.com\/u\/74879085\/EQUIVALENCIA.%20FORMULARIO%20DE%20SOLICITUD.doc\" target=\"_blank\" rel=\"noopener\"><img decoding=\"async\" loading=\"lazy\" style=\"display: block; margin-left: auto; margin-right: auto;\" src=\"http:\/\/www.gifandgif.es\/gifs_animados\/Flechas\/Gifs%20ANimados%20Flechas%20%28135%29.gif\" alt=\"FLECHA INDICADORA\" width=\"36\" height=\"25\" border=\"0\" \/><\/a><\/td>\n<\/tr>\n<tr>\n<td style=\"text-align: center;\"><span style=\"color: #800000; font-size: 12pt; font-family: georgia,palatino;\"><strong>10<\/strong><\/span><\/td>\n<td style=\"padding-left: 30px;\"><span style=\"color: #800000;\"><strong><span style=\"font-family: georgia,palatino; font-size: 12pt;\">TABLA DE EQUIVALENCIAS\/asimilaci\u00f3n -viejo\/nuevo plan:\u00a0 <a title=\"CD. RESOLUCION 2018\" href=\"upload\/000_a_Minuta_de_la_Sesion_de_CONSEJO_DIRECTIVO__de_fecha_17_de_mayo_de_2018.pdf\" target=\"_blank\" rel=\"noopener\">VER RESOLUCI\u00d3N DEL C.D 2018<\/a><\/span><\/strong><\/span><\/td>\n<td><\/td>\n<\/tr>\n<tr>\n<td style=\"text-align: center;\"><span style=\"color: #800000; font-size: 12pt; font-family: georgia,palatino;\"><strong>11<\/strong><\/span><\/td>\n<td style=\"padding-left: 30px;\"><\/td>\n<\/tr>\n<\/tbody>\n<\/table>\n","protected":false},"excerpt":{"rendered":"<p>ALGUNOS TR\u00c1MITES QUE POD\u00c9S HACER DESDE NUESTRO SITIO \u00a0 Te ofrecemos una gu\u00eda\u00a0 de tr\u00e1mites. Con s\u00f3lo clikear la flecha acceder\u00e1s al tr\u00e1mite correspondiente. Gracias por utilizar nuestro contacto. \u00a0 VOLVER AL INICIO 1 CONTACTO CON EL ADMINISTRADOR DEL CAMPUS 2 REQUISITOS PARA\u00a0 INGRESAR A LA INSTITUCI\u00d3N 3 FICHA DE PRE INCRIPCI\u00d3N PARA ingresar AL &#8230; <a title=\"TR\u00c1MITES ADMINISTRATIVOS\" class=\"read-more\" href=\"https:\/\/ifdc10-juj.infd.edu.ar\/sitio\/tramites-administrativos\/\" aria-label=\"More on TR\u00c1MITES ADMINISTRATIVOS\">[+]<\/a><\/p>\n","protected":false},"author":775,"featured_media":0,"parent":0,"menu_order":0,"comment_status":"closed","ping_status":"closed","template":"","meta":[],"acf":[],"_links":{"self":[{"href":"https:\/\/ifdc10-juj.infd.edu.ar\/sitio\/wp-json\/wp\/v2\/pages\/2179"}],"collection":[{"href":"https:\/\/ifdc10-juj.infd.edu.ar\/sitio\/wp-json\/wp\/v2\/pages"}],"about":[{"href":"https:\/\/ifdc10-juj.infd.edu.ar\/sitio\/wp-json\/wp\/v2\/types\/page"}],"author":[{"embeddable":true,"href":"https:\/\/ifdc10-juj.infd.edu.ar\/sitio\/wp-json\/wp\/v2\/users\/775"}],"replies":[{"embeddable":true,"href":"https:\/\/ifdc10-juj.infd.edu.ar\/sitio\/wp-json\/wp\/v2\/comments?post=2179"}],"version-history":[{"count":3,"href":"https:\/\/ifdc10-juj.infd.edu.ar\/sitio\/wp-json\/wp\/v2\/pages\/2179\/revisions"}],"predecessor-version":[{"id":7153,"href":"https:\/\/ifdc10-juj.infd.edu.ar\/sitio\/wp-json\/wp\/v2\/pages\/2179\/revisions\/7153"}],"wp:attachment":[{"href":"https:\/\/ifdc10-juj.infd.edu.ar\/sitio\/wp-json\/wp\/v2\/media?parent=2179"}],"curies":[{"name":"wp","href":"https:\/\/api.w.org\/{rel}","templated":true}]}}