{"id":2166,"date":"2018-07-02T21:14:27","date_gmt":"2018-07-03T00:14:27","guid":{"rendered":"https:\/\/ifdc10-juj.infd.edu.ar\/sitio\/departamento-de-form-inicial\/"},"modified":"2022-08-17T11:35:07","modified_gmt":"2022-08-17T14:35:07","slug":"departamento-de-form-inicial","status":"publish","type":"page","link":"https:\/\/ifdc10-juj.infd.edu.ar\/sitio\/departamento-de-form-inicial\/","title":{"rendered":"DEPARTAMENTO  DE FORM. INICIAL"},"content":{"rendered":"<p><span style=\"font-size: 14pt;\"><strong><a title=\"Home\" href=\"index.cgi\">VOVER AL INICIO<\/a><\/strong><\/span><\/p>\n<table style=\"background-color: #cccc99; border: 3px solid #660000; width: 700px; height: 268px;\" border=\"3\" cellpadding=\"3\" align=\"center\">\n<tbody>\n<tr>\n<td><img decoding=\"async\" title=\"logo form. inicial15\" src=\"https:\/\/ifdc10-juj.infd.edu.ar\/sitio\/wp-content\/uploads\/2018\/07\/FORMACION_INICIAL.jpg\" alt=\"logo form. inicial15\" border=\"0\" \/><\/td>\n<td><span style=\"font-size: 12pt;\">ESTE DEPARTAMENTO CONFORMA EL CONSEJO DE DEPARTAMENTOS DE LA INSTITUCI\u00d3N Y COORDINA A LOS\u00a0 <strong>COORDINADORES DE CARRERA<\/strong>.<\/span><\/p>\n<p><span style=\"font-size: 12pt;\">La coordinaci\u00f3n es responsabilidad de la Prof. Eugenia Rivera 2016-2020<br \/>\n<\/span><\/td>\n<\/tr>\n<tr>\n<td style=\"text-align: justify;\"><span style=\"font-size: 12pt;\">En el Departamento se elaboran los LISTADOS DE ORDEN DE M\u00c9RITO DE CADA UNA DE LAS CARRERAS. Esta acci\u00f3n es supervisada por la Coordinadora y la Secretar\u00eda Acad\u00e9mica.<\/span><\/td>\n<td style=\"text-align: center;\"><span style=\"color: #ffff00; background-color: #800000;\"><span style=\"color: #ffff00; font-size: 14pt; background-color: #800000;\"><strong>LISTADO DE ORDEN DE M\u00c9TIRO DE LAS CARRERAS DEL IES 10.<\/strong><\/span><\/span><\/td>\n<\/tr>\n<tr>\n<td style=\"text-align: center;\" colspan=\"2\"><span style=\"font-size: 12pt;\"><span style=\"color: #800000;\"><strong>DESARROLLO PROFESIONAL DOCENTE: La Coordinaci\u00f3n del DFI en Coordinaci\u00f3n con la Secretaria Acad\u00e9mica y el DECAP ofrecen el <a title=\"CICLO DE DESARROLLO PROFESIONAL.\" href=\"https:\/\/ifdc10-juj.infd.edu.ar\/aula\/index.cgi?id_curso=24\" target=\"_blank\" rel=\"noopener\"><span style=\"color: #0000ff;\">\u00abCICLO DE DESARROLLO PROFESIONAL\u00bb<\/span><\/a><\/strong><\/span><\/span><\/p>\n<p><span style=\"color: #ff0000; font-size: 12pt;\"><strong><span style=\"font-family: book antiqua,palatino;\">\u00abLa experiencia art\u00edstica: veh\u00edculo de competencias comunicacionales para la creaci\u00f3n de espacios de confianza\u00bb<\/span><\/strong><\/span><\/td>\n<\/tr>\n<tr>\n<td style=\"text-align: center;\" colspan=\"2\"><\/td>\n<\/tr>\n<\/tbody>\n<\/table>\n","protected":false},"excerpt":{"rendered":"<p>VOVER AL INICIO ESTE DEPARTAMENTO CONFORMA EL CONSEJO DE DEPARTAMENTOS DE LA INSTITUCI\u00d3N Y COORDINA A LOS\u00a0 COORDINADORES DE CARRERA. La coordinaci\u00f3n es responsabilidad de la Prof. Eugenia Rivera 2016-2020 En el Departamento se elaboran los LISTADOS DE ORDEN DE M\u00c9RITO DE CADA UNA DE LAS CARRERAS. Esta acci\u00f3n es supervisada por la Coordinadora y &#8230; <a title=\"DEPARTAMENTO  DE FORM. INICIAL\" class=\"read-more\" href=\"https:\/\/ifdc10-juj.infd.edu.ar\/sitio\/departamento-de-form-inicial\/\" aria-label=\"More on DEPARTAMENTO  DE FORM. INICIAL\">[+]<\/a><\/p>\n","protected":false},"author":775,"featured_media":0,"parent":0,"menu_order":0,"comment_status":"closed","ping_status":"closed","template":"","meta":[],"acf":[],"_links":{"self":[{"href":"https:\/\/ifdc10-juj.infd.edu.ar\/sitio\/wp-json\/wp\/v2\/pages\/2166"}],"collection":[{"href":"https:\/\/ifdc10-juj.infd.edu.ar\/sitio\/wp-json\/wp\/v2\/pages"}],"about":[{"href":"https:\/\/ifdc10-juj.infd.edu.ar\/sitio\/wp-json\/wp\/v2\/types\/page"}],"author":[{"embeddable":true,"href":"https:\/\/ifdc10-juj.infd.edu.ar\/sitio\/wp-json\/wp\/v2\/users\/775"}],"replies":[{"embeddable":true,"href":"https:\/\/ifdc10-juj.infd.edu.ar\/sitio\/wp-json\/wp\/v2\/comments?post=2166"}],"version-history":[{"count":2,"href":"https:\/\/ifdc10-juj.infd.edu.ar\/sitio\/wp-json\/wp\/v2\/pages\/2166\/revisions"}],"predecessor-version":[{"id":9618,"href":"https:\/\/ifdc10-juj.infd.edu.ar\/sitio\/wp-json\/wp\/v2\/pages\/2166\/revisions\/9618"}],"wp:attachment":[{"href":"https:\/\/ifdc10-juj.infd.edu.ar\/sitio\/wp-json\/wp\/v2\/media?parent=2166"}],"curies":[{"name":"wp","href":"https:\/\/api.w.org\/{rel}","templated":true}]}}